at is the ten thousands digit of 3388143102?
4
What is the millions digit of 81761163?
1
What is the thousands digit of 47730283?
0
What is the ten thousands digit of 209364719?
6
What is the hundred thousands digit of 63288291?
2
What is the millions digit of 195584886?
5
What is the thousands digit of 992241819?
1
What is the ten thousands digit of 533206763?
0
What is the ten millions digit of 2335873383?
3
What is the hundred thousands digit of 87842735?
8
What is the tens digit of 23883593?
9
What is the ten millions digit of 289779495?
8
What is the tens digit of 189100883?
8
What is the thousands digit of 190847935?
7
What is the ten thousands digit of 51368357?
6
What is the millions digit of 62417370?
2
What is the ten millions digit of 66291683?
6
What is the millions digit of 53521116?
3
What is the hundreds digit of 649293662?
6
What is the hundred thousands digit of 332347240?
3
What is the thousands digit of 25169996?
9
What is the tens digit of 226024717?
1
What is the thousands digit of 4408417365?
7
What is the ten thousands digit of 153711788?
1
What is the hundred thousands digit of 147733864?
7
What is the hundred millions digit of 266013969?
2
What is the tens digit of 134678964?
6
What is the ten millions digit of 94593260?
9
What is the ten millions digit of 116578523?
1
What is the thousands digit of 121098102?
8
What is the hundred thousands digit of 14102163?
1
What is the ten thousands digit of 268362439?
6
What is the millions digit of 77884948?
7
What is the ten millions digit of 734559378?
3
What is the tens digit of 1756755175?
7
What is the ten millions digit of 19743097?
1
What is the millions digit of 407066705?
7
What is the ten thousands digit of 28453846?
5
What is the ten millions digit of 883776163?
8
What is the millions digit of 1330397651?
0
What is the hundred thousands digit of 10489734?
4
What is the hundreds digit of 39387475?
4
What is the units digit of 57925303?
3
What is the ten millions digit of 148748666?
4
What is the tens digit of 77078650?
5
What is the millions digit of 758446423?
8
What is the hundreds digit of 60775643?
6
What is the thousands digit of 653399725?
9
What is the tens digit of 1114031950?
5
What is the hundreds digit of 4070278033?
0
What is the ten thousands digit of 238627101?
2
What is the hundreds digit of 40407018?
0
What is the thousands digit of 6827419?
7
What is the ten millions digit of 165728054?
6
What is the units digit of 146686875?
5
What is the ten thousands digit of 664711527?
1
What is the hundred thousands digit of 240558139?
5
What is the thousands digit of 50707396?
7
What is the units digit of 38405320?
0
What is the hundred thousands digit of 2396155931?
1
What is the billions digit of 4911710362?
4
What is the tens digit of 179908247?
4
What is the hundred millions digit of 704234440?
7
What is the ten millions digit of 160449323?
6
What is the hundred millions digit of 219715814?
2
What is the thousands digit of 59098834?
8
What is the millions digit of 42709563?
2
What is the thousands digit of 26263526?
3
What is the millions digit of 1442496862?
2
What is the ten millions digit of 154713340?
5
What is the hundred millions digit of 574357794?
5
What is the hundreds digit of 1569747977?
9
What is the units digit of 54065962?
2
What is the thousands digit of 61688637?
8
What is the thousands digit of 2725574158?
4
What is the hundred millions digit of 2345197923?
3
What is the hundred thousands digit of 3364876?
3
What is the billions digit of 1508964157?
1
What is the hundred millions digit of 2577670392?
5
What is the tens digit of 2875110833?
3
What is the units digit of 348859848?
8
What is the tens digit of 163041432?
3
What is the hundred millions digit of 243240091?
2
What is the thousands digit of 47396378?
6
What is the ten thousands digit of 609591039?
9
What is the units digit of 179135437?
7
What is the hundred thousands digit of 724130145?
1
What is the tens digit of 1853745412?
1
What is the thousands digit of 17176041?
6
What is the units digit of 600849768?
8
What is the thousands digit of 4527277767?
7
What is the millions digit of 25675050?
5
What is the hundred millions digit of 300490918?
3
What is the hundreds digit of 1509515293?
2
What is the units digit of 4820787?
7
What is the hundred millions digit of 274637616?
2
What is the hundred thousands digit of 4263317?
2
What is the tens digit of 25639086?
8
What is the tens digit of 517128983?
8
What is the hundred millions digit of 667758320?
6
What is the millions digit of 80108694?
0
What is the ten millions digit of 593003827?
9
What is the ten thousands digit of 501115667?
1
What is the hundred thousands digit of 1587547341?
5
What is the ten millions digit of 59574809?
5
What is the ten thousands digit of 72696144?
9
What is the hundred thousands digit of 313318606?
3
What is the tens digit of 4566592584?
8
What is the millions digit of 596512956?
6
What is the thousands digit of 990068974?
8
What is the thousands digit of 568477041?
7
What is the units digit of 94372119?
9
What is the thousands digit of 100689624?
9
What is the thousands digit of 222261435?
1
What is the units digit of 144526250?
0
What is the hundreds digit of 2006879379?
3
What is the hundred thousands digit of 21042357?
0
What is the ten thousands digit of 58094142?
9
What is the tens digit of 1156825632?
3
What is the tens digit of 75894431?
3
What is the billions digit of 1130669157?
1
What is the thousands digit of 3301415068?
5
What is the tens digit of 35596809?
0
What is the hundred thousands digit of 5571296?
5
What is the ten thousands digit of 2260803940?
0
What is the hundred thousands digit of 61529112?
5
What is the units digit of 10337723?
3
What is the hundreds digit of 611242041?
0
What is the billions digit of 6809399164?
6
What is the ten thousands digit of 128640552?
4
What is the thousands digit of 7551711711?
1
What is the hundred millions digit of 241082759?
2
What is the ten thousands digit of 167957438?
5
What is the tens digit of 3478476934?
3
What is the units digit of 1059438794?
4
What is the tens digit of 42061213?
1
What is the units digit of 8360729692?
2
What is the millions digit of 106057254?
6
What is the tens digit of 93158812?
1
What is the tens digit of 186095794?
9
What is the tens digit of 1779551?
5
What is the hundred thousands digit of 120645854?
6
What is the millions digit of 546262655?
6
What is the tens digit of 1277128736?
3
What is the millions digit of 353252440?
3
What is the ten millions digit of 83658456?
8
What is the ten thousands digit of 6959430290?
3
What is the tens digit of 24095027?
2
What is the hundreds digit of 915011606?
6
What is the hundred thousands digit of 132060549?
0
What is the thousands digit of 48847177?
7
What is the hundred thousands digit of 315327250?
3
What is the hundreds digit of 832210042?
0
What is the ten thousands digit of 106989454?
8
What is the hundred thousands digit of 46447847?
4
What is the ten millions digit of 60438933?
6
What is the ten millions digit of 1016612357?
1
What is the units digit of 661018571?
1
What is the ten thousands digit of 33840528?
4
What is the hundreds digit of 571552432?
4
What is the hundred thousands digit of 181556526?
5
What is the billions digit of 3229419702?
3
What is the hundred thousands digit of 568139159?
1
What is the hundreds digit of 626943234?
2
What is the millions digit of 1412539646?
2
What is the tens digit of 36374272?
7
What is the millions digit of 453382466?
3
What is the units digit of 6852317?
7
What is the hundred thousands digit of 889049089?
0
What is the tens digit of 95121153?
5
What is the ten millions digit of 136749003?
3
What is the units digit of 15323971?
1
What is the thousands digit of 27010143?
0
What is the ten millions digit of 24852271?
2
What is the hundred millions digit of 255675341?
2
What is the hundred thousands digit of 21363607?
3
What is the hundreds digit of 34736995?
9
What is the ten thousands digit of 748085501?
8
What is the hundred thousands digit of 25352890?
3
What is the hundreds digit of 178590804?
8
What is the hundred thousands digit of 1723290123?
2
What is the thousands digit of 2471068389?
8
What is the hundred thous